 (base 6) in base 7?
-500
-1101 (base 3) to base 16
-25
Convert -32 (base 9) to base 11.
-27
-18 (base 12) to base 5
-40
What is -4 (base 16) in base 3?
-11
What is -22 (base 15) in base 16?
-20
What is -13 (base 11) in base 12?
-12
What is 127 (base 8) in base 15?
5c
Convert 1 (base 14) to base 10.
1
10 (base 16) to base 6
24
What is -32 (base 5) in base 3?
-122
Convert -10 (base 10) to base 16.
-a
-53 (base 10) to base 13
-41
Convert -134 (base 6) to base 2.
-111010
What is 2 (base 5) in base 11?
2
What is 32 (base 15) in base 2?
101111
Convert 231 (base 4) to base 7.
63
What is 2 (base 16) in base 7?
2
-14 (base 16) to base 12
-18
What is a6 (base 11) in base 4?
1310
What is -40 (base 9) in base 14?
-28
Convert 6 (base 12) to base 13.
6
-11 (base 9) to base 8
-12
Convert 12 (base 5) to base 10.
7
1 (base 15) to base 13
1
Convert 43 (base 12) to base 13.
3c
What is -10010 (base 2) in base 8?
-22
2 (base 8) to base 12
2
What is 4 (base 11) in base 13?
4
21 (base 3) to base 5
12
What is -110010001 (base 2) in base 6?
-1505
-3 (base 7) to base 14
-3
0 (base 3) to base 9
0
222 (base 6) to base 3
10012
What is -21 (base 9) in base 10?
-19
Convert 145 (base 8) to base 13.
7a
212 (base 8) to base 3
12010
Convert -a2 (base 13) to base 16.
-84
What is 111 (base 2) in base 6?
11
What is 2 (base 14) in base 2?
10
Convert -ca (base 15) to base 14.
-d8
Convert d (base 14) to base 2.
1101
What is 3 (base 12) in base 6?
3
What is 10 (base 10) in base 4?
22
Convert -3 (base 15) to base 6.
-3
What is -8 (base 11) in base 15?
-8
1022 (base 5) to base 2
10001001
-1 (base 11) to base 14
-1
Convert 122 (base 8) to base 16.
52
Convert 4 (base 10) to base 5.
4
-23 (base 5) to base 2
-1101
16 (base 9) to base 7
21
What is 0 (base 4) in base 11?
0
27 (base 15) to base 5
122
What is 207 (base 13) in base 6?
1333
What is 32 (base 7) in base 9?
25
2010 (base 4) to base 12
b0
What is -35 (base 13) in base 5?
-134
2 (base 8) to base 6
2
What is 4 (base 7) in base 15?
4
-62 (base 15) to base 8
-134
What is -2 (base 7) in base 14?
-2
What is 4 (base 7) in base 13?
4
What is -2 (base 6) in base 3?
-2
What is 4 (base 5) in base 9?
4
Convert 8 (base 15) to base 12.
8
Convert -6 (base 16) to base 2.
-110
101 (base 3) to base 8
12
10100 (base 2) to base 16
14
-10 (base 6) to base 4
-12
Convert 42 (base 9) to base 16.
26
Convert 17 (base 15) to base 10.
22
What is -1 (base 2) in base 9?
-1
13 (base 15) to base 8
22
Convert 115 (base 8) to base 16.
4d
What is 3 (base 13) in base 11?
3
2221 (base 3) to base 8
117
6 (base 10) to base 5
11
a4 (base 16) to base 9
202
-30 (base 6) to base 11
-17
What is 5 (base 8) in base 16?
5
-20 (base 16) to base 7
-44
11 (base 6) to base 5
12
Convert 31 (base 6) to base 12.
17
Convert 123 (base 5) to base 6.
102
What is 11 (base 14) in base 15?
10
-3 (base 13) to base 8
-3
-11 (base 5) to base 9
-6
Convert -10 (base 3) to base 7.
-3
2 (base 16) to base 11
2
Convert -1133 (base 5) to base 8.
-250
What is 0 (base 12) in base 14?
0
Convert -3 (base 5) to base 13.
-3
What is 10 (base 8) in base 2?
1000
12 (base 10) to base 16
c
Convert -1 (base 3) to base 12.
-1
What is -130 (base 5) in base 4?
-220
a (base 11) to base 9
11
Convert 12 (base 15) to base 4.
101
What is 0 (base 6) in base 3?
0
Convert 112 (base 4) to base 9.
24
What is -126 (base 10) in base 14?
-90
-1 (base 8) to base 15
-1
Convert -12012 (base 3) to base 9.
-165
Convert -4 (base 12) to base 11.
-4
Convert 2103 (base 4) to base 14.
a7
What is -6c (base 14) in base 12?
-80
Convert -2 (base 13) to base 4.
-2
e (base 15) to base 2
1110
Convert 15 (base 12) to base 7.
23
What is -2 (base 5) in base 15?
-2
-26 (base 8) to base 15
-17
What is -10 (base 3) in base 9?
-3
-120 (base 3) to base 8
-17
Convert 24 (base 9) to base 5.
42
What is 3312 (base 4) in base 9?
303
2 (base 7) to base 11
2
133 (base 5) to base 8
53
Convert -12 (base 6) to base 4.
-20
Convert 3 (base 14) to base 15.
3
What is 3 (base 13) in base 5?
3
Convert 2 (base 8) to base 2.
10
What is 9 (base 15) in base 13?
9
Convert -24 (base 10) to base 11.
-22
What is -5 (base 7) in base 6?
-5
What is 37 (base 16) in base 14?
3d
Convert -74 (base 10) to base 12.
-62
Convert -132 (base 4) to base 3.
-1010
What is 136 (base 13) in base 6?
554
What is -15 (base 6) in base 7?
-14
What is 180 (base 9) in base 11?
12a
-6 (base 9) to base 16
-6
Convert -406 (base 7) to base 4.
-3022
-31 (base 9) to base 4
-130
2 (base 13) to base 3
2
Convert 21 (base 14) to base 16.
1d
Convert 5 (base 16) to base 10.
5
Convert -25 (base 14) to base 7.
-45
What is -110111000 (base 2) in base 3?
-121022
What is 5 (base 16) in base 8?
5
-1100101 (base 2) to base 12
-85
What is -1 (base 7) in base 15?
-1
What is 4 (base 12) in base 3?
11
What is -12 (base 9) in base 6?
-15
Convert -1301 (base 5) to base 13.
-126
Convert 14 (base 15) to base 13.
16
What is 213 (base 5) in base 6?
134
Convert -d (base 15) to base 2.
-1101
Convert -f4 (base 16) to base 4.
-3310
What is 345 (base 7) in base 2?
10110100
What is -1012 (base 3) in base 13?
-26
Convert -103 (base 10) to base 16.
-67
Convert -1 (base 3) to base 16.
-1
What is -30 (base 7) in base 6?
-33
What is 4e (base 16) in base 7?
141
What is 8 (base 14) in base 7?
11
What is 313 (base 4) in base 11?
50
3a (base 12) to base 9
51
What is 3 (base 4) in base 2?
11
Convert 31 (base 4) to base 6.
21
1 (base 13) to base 3
1
0 (base 6) to base 9
0
Convert 33 (base 6) to base 14.
17
What is 1010 (base 2) in base 10?
10
Convert -126 (base 13) to base 3.
-21110
-1131 (base 5) to base 10
-166
What is -2 (base 12) in base 2?
-10
What is 3 (base 16) in base 4?
3
-1 (base 15) to base 10
-1
-2c (base 16) to base 7
-62
What is -111 (base 2) in base 13?
-7
Convert 59 (base 10) to base 4.
323
Convert 4 (base 9) to base 10.
4
-24 (base 11) to base 2
-11010
What is 4 (base 12) in base 9?
4
What is 3 (base 9) in base 10?
3
Convert 9 (base 15) to base 10.
9
-2 (base 7) to base 15
-2
Convert 1 (base 10) to base 15.
1
-14 (base 11) to base 3
-120
What is 3 (base 16) in base 9?
3
Convert 2 (base 10) to base 9.
2
39 (base 14) to base 5
201
212 (base 4) to base 7
53
Convert 1102 (base 3) to base 6.
102
Convert 0 (base 6) to base 10.
0
What is 14 (base 8) in base 7?
15
Convert -1 (base 4) to base 7.
-1
-203 (base 9) to base 2
-10100101
Convert -22 (base 13) to base 6.
-44
-4 (base 14) to base 11
-4
Convert -22 (base 11) to base 2.
-11000
What is -13 (base 6) in base 11?
-9
Convert 11 (base 7) to base 16.
8
Convert -10 (base 3) to base 10.
-3
What is 3 (base 15) in base 5?
3
What is 124 (base 5) in base 2?
100111
Convert 0 (base 8) to base 12.
0
Convert -3 (base 4) to base 14.
-3
-72 (base 8) to base 14
-42
What is 1011 (base 3) in base 5?
111
What is -503 (base 6) in base 13?
-111
What is 52 (base 11) in base 9?
63
-1001000 (base 2) to base 11
-66
Convert 3 (base 11) to base 8.
3
What is -1010010 (base 2) in base 3?
-10001
What is 51 (base 6) in base 15?
21
What is -2 (base 9) in base 3?
-2
What is 1011011 (base 2) in base 15?
61
1 (base 6) to base 11
1
Convert -9 (base 13) to base 3.
-100
Convert 1 (base 12) to base 13.
1
What is -101100 (base 2) in base 12?
-38
-1302 (base 4) to base 16
-72
Convert 1 (base 5) to base 8.
1
-3 (base 10) to base 15
-3
-5 (base 12) to base 13
-5
What is 1 (base 14) in base 11?
1
1 (base 8) to base 2
1
0 (base 15) to base 5
0
11 (base 11) to base 4
30
What is 10 (base 9) in base 4?
21
Convert -8 (base 10) to base 6.
-12
What is 3 (base 9) in base 12?
3
Convert -1 (base 6) to base 9.
-1
What is 127 (base 11) in base 12?
106
-a8 (base 11) to base 12
-9a
What is 1020 (base 4) in base 6?
200
64 (base 16) to base 3
10201
Convert 76 (base 10) to base 4.
1030
Convert -54 (base 12) to base 5.
-224
What is 16 (base 8) in base 13?
11
What is 243 (base 5) in base 14?
53
Convert -5 (base 15) to base 8.
-5
-1 (base 13) to base 4
-1
Convert 1 (base 10) to base 14.
1
-4 (base 6) to base 16
-4
What is 1011 (base 3) in base 11?
29
What is -10 (base 6) in base 5?
-11
What is -7 (base 16) in base 3?
-21
-22 (base 6) to base 9
-15
103 (base 13) to base 9
211
Convert -5 (base 8) to base 6.
-5
-99 (base 14) to base 12
-b3
What is -2b (base 13) in base 11?
-34
Convert -12 (base 3) to base 4.
-11
-3 (base 10) to base 9
-3
Convert 1